{"id":15,"date":"2015-01-26T09:57:33","date_gmt":"2015-01-26T09:57:33","guid":{"rendered":"http:\/\/test.gemeinsam-ammersee.de\/?page_id=15"},"modified":"2022-04-03T15:56:28","modified_gmt":"2022-04-03T14:56:28","slug":"kinderpark","status":"publish","type":"page","link":"https:\/\/www.gemeinsam-ammersee.de\/?page_id=15","title":{"rendered":"Kinderpark"},"content":{"rendered":"<p style=\"text-align: justify;\"><b>Kinderpark in Utting und Greifenberg<\/b><br \/>\n&#8211; Betreuung f\u00fcr 1,5 &#8211; 3 j\u00e4hrige Kinder in kleinem gesch\u00fctzten Rahmen &#8211;<br \/>\n&#8211; 12 Kinder gemeinsam mit 2 liebevollen Betreuerinnen &#8211;<\/p>\n<p style=\"text-align: justify;\">Dann kannst du mit uns im Kinderpark:<br \/>\n&#8211; Basteln, Malen, Kneten<br \/>\n&#8211; Spielen<br \/>\n&#8211; B\u00fccher lesen, Geschichten lauschen<br \/>\n&#8211; Gemeinsam Brotzeit machen<br \/>\n&#8211; Musik- Tanz- und Bewegungsspiele machen<br \/>\n&#8211; Feste feiern<br \/>\n&#8211; Jahreszeitliche bzw. themenbezogene Projekte aktiv mitgestalten\u2026<\/p>\n<p style=\"text-align: justify;\">So wirst du optimal auf deine Zeit im Kindergarten vorbereitet &#8211;<br \/>\n<strong>und das alles ohne deine Eltern!<\/strong><\/p>\n<p style=\"text-align: justify;\"><b>Utting<\/b><\/p>\n<p><a href=\"https:\/\/www.gemeinsam-ammersee.de\/wp-content\/uploads\/2022\/04\/kp_utting_2022_03.jpg\"><img loading=\"lazy\" decoding=\"async\" class=\"alignnone size-full wp-image-1381\" src=\"https:\/\/www.gemeinsam-ammersee.de\/wp-content\/uploads\/2022\/04\/kp_utting_2022_03.jpg\" alt=\"\" width=\"440\" height=\"330\" srcset=\"https:\/\/www.gemeinsam-ammersee.de\/wp-content\/uploads\/2022\/04\/kp_utting_2022_03.jpg 440w, https:\/\/www.gemeinsam-ammersee.de\/wp-content\/uploads\/2022\/04\/kp_utting_2022_03-300x225.jpg 300w\" sizes=\"auto, (max-width: 440px) 100vw, 440px\" \/><\/a><\/p>\n<p>von links: Christina W\u00f6lfl, Regine Zernikow, Sonja Schnappinger<\/p>\n<p style=\"text-align: justify;\">Wo: Ev. Gemeindehaus Utting, Laibnerstra\u00dfe 25<br \/>\nWann: Mo + Di + Mi von 8.30 \u2013 12.00 Uhr<br \/>\n<b>Preis<\/b><br \/>\n14.- \u20ac pro Tag<\/p>\n<p style=\"text-align: justify;\"><b>Anmeldung<\/b><br \/>\nRegine Zernikow 08806\/956076<\/p>\n<p style=\"text-align: justify;\"><b>Greifenberg<\/b><a href=\"https:\/\/www.gemeinsam-ammersee.de\/wp-content\/uploads\/2015\/01\/kp_greifenberg_201612_klein.jpg\"><br \/>\n<\/a><a href=\"https:\/\/www.gemeinsam-ammersee.de\/wp-content\/uploads\/2022\/04\/kp_greifenberg_2022_03.jpg\"><img loading=\"lazy\" decoding=\"async\" class=\"alignnone size-full wp-image-1382\" src=\"https:\/\/www.gemeinsam-ammersee.de\/wp-content\/uploads\/2022\/04\/kp_greifenberg_2022_03.jpg\" alt=\"\" width=\"440\" height=\"330\" srcset=\"https:\/\/www.gemeinsam-ammersee.de\/wp-content\/uploads\/2022\/04\/kp_greifenberg_2022_03.jpg 440w, https:\/\/www.gemeinsam-ammersee.de\/wp-content\/uploads\/2022\/04\/kp_greifenberg_2022_03-300x225.jpg 300w\" sizes=\"auto, (max-width: 440px) 100vw, 440px\" \/><\/a><\/p>\n<p>links Elisabeth Horn, rechts Lina Wenisch<\/p>\n<p style=\"text-align: justify;\">Wo: Rupert-Mayer-Haus Greifenberg, Hauptstra\u00dfe 57<br \/>\nWann: Mo + Do von 9.00 \u2013 12.00 Uhr<br \/>\n<b>Preis<\/b><br \/>\n12.- \u20ac pro Tag;<\/p>\n<p style=\"text-align: justify;\"><b>Anmeldung<\/b><br \/>\nRegine Zernikow 08806\/956076<\/p>\n","protected":false},"excerpt":{"rendered":"<p>Kinderpark in Utting und Greifenberg &#8211; Betreuung f\u00fcr 1,5 &#8211; 3 j\u00e4hrige Kinder in kleinem gesch\u00fctzten Rahmen &#8211; &#8211; 12 Kinder gemeinsam mit 2 liebevollen Betreuerinnen &#8211; Dann kannst du mit uns im Kinderpark: &#8211; Basteln, Malen, Kneten &#8211; Spielen &#8211; B\u00fccher lesen, Geschichten lauschen &#8211; Gemeinsam Brotzeit machen &#8211; Musik- Tanz- und Bewegungsspiele machen &hellip; <a href=\"https:\/\/www.gemeinsam-ammersee.de\/?page_id=15\" class=\"more-link\"><span class=\"screen-reader-text\">Kinderpark<\/span> weiterlesen <span class=\"meta-nav\">&rarr;<\/span><\/a><\/p>\n","protected":false},"author":1,"featured_media":0,"parent":0,"menu_order":0,"comment_status":"closed","ping_status":"closed","template":"","meta":{"footnotes":""},"class_list":["post-15","page","type-page","status-publish","hentry"],"_links":{"self":[{"href":"https:\/\/www.gemeinsam-ammersee.de\/index.php?rest_route=\/wp\/v2\/pages\/15","targetHints":{"allow":["GET"]}}],"collection":[{"href":"https:\/\/www.gemeinsam-ammersee.de\/index.php?rest_route=\/wp\/v2\/pages"}],"about":[{"href":"https:\/\/www.gemeinsam-ammersee.de\/index.php?rest_route=\/wp\/v2\/types\/page"}],"author":[{"embeddable":true,"href":"https:\/\/www.gemeinsam-ammersee.de\/index.php?rest_route=\/wp\/v2\/users\/1"}],"replies":[{"embeddable":true,"href":"https:\/\/www.gemeinsam-ammersee.de\/index.php?rest_route=%2Fwp%2Fv2%2Fcomments&post=15"}],"version-history":[{"count":21,"href":"https:\/\/www.gemeinsam-ammersee.de\/index.php?rest_route=\/wp\/v2\/pages\/15\/revisions"}],"predecessor-version":[{"id":1387,"href":"https:\/\/www.gemeinsam-ammersee.de\/index.php?rest_route=\/wp\/v2\/pages\/15\/revisions\/1387"}],"wp:attachment":[{"href":"https:\/\/www.gemeinsam-ammersee.de\/index.php?rest_route=%2Fwp%2Fv2%2Fmedia&parent=15"}],"curies":[{"name":"wp","href":"https:\/\/api.w.org\/{rel}","templated":true}]}}

<p style="text-align: justify;"><b>Kinderpark in Utting und Greifenberg</b><br />
&#8211; Betreuung für 1,5 &#8211; 3 jährige Kinder in kleinem geschützten Rahmen &#8211;<br />
&#8211; 12 Kinder gemeinsam mit 2 liebevollen Betreuerinnen &#8211;</p>
<p style="text-align: justify;">Dann kannst du mit uns im Kinderpark:<br />
&#8211; Basteln, Malen, Kneten<br />
&#8211; Spielen<br />
&#8211; Bücher lesen, Geschichten lauschen<br />
&#8211; Gemeinsam Brotzeit machen<br />
&#8211; Musik- Tanz- und Bewegungsspiele machen<br />
&#8211; Feste feiern<br />
&#8211; Jahreszeitliche bzw. themenbezogene Projekte aktiv mitgestalten…</p>
<p style="text-align: justify;">So wirst du optimal auf deine Zeit im Kindergarten vorbereitet &#8211;<br />
<strong>und das alles ohne deine Eltern!</strong></p>
<p style="text-align: justify;"><b>Utting</b></p>
<p><a href="https://www.gemeinsam-ammersee.de/wp-content/uploads/2022/04/kp_utting_2022_03.jpg"><img loading="lazy" decoding="async" class="alignnone size-full wp-image-1381" src="https://www.gemeinsam-ammersee.de/wp-content/uploads/2022/04/kp_utting_2022_03.jpg" alt="" width="440" height="330" srcset="https://www.gemeinsam-ammersee.de/wp-content/uploads/2022/04/kp_utting_2022_03.jpg 440w, https://www.gemeinsam-ammersee.de/wp-content/uploads/2022/04/kp_utting_2022_03-300x225.jpg 300w" sizes="auto, (max-width: 440px) 100vw, 440px" /></a></p>
<p>von links: Christina Wölfl, Regine Zernikow, Sonja Schnappinger</p>
<p style="text-align: justify;">Wo: Ev. Gemeindehaus Utting, Laibnerstraße 25<br />
Wann: Mo + Di + Mi von 8.30 – 12.00 Uhr<br />
<b>Preis</b><br />
14.- € pro Tag</p>
<p style="text-align: justify;"><b>Anmeldung</b><br />
Regine Zernikow 08806/956076</p>
<p style="text-align: justify;"><b>Greifenberg</b><a href="https://www.gemeinsam-ammersee.de/wp-content/uploads/2015/01/kp_greifenberg_201612_klein.jpg"><br />
</a><a href="https://www.gemeinsam-ammersee.de/wp-content/uploads/2022/04/kp_greifenberg_2022_03.jpg"><img loading="lazy" decoding="async" class="alignnone size-full wp-image-1382" src="https://www.gemeinsam-ammersee.de/wp-content/uploads/2022/04/kp_greifenberg_2022_03.jpg" alt="" width="440" height="330" srcset="https://www.gemeinsam-ammersee.de/wp-content/uploads/2022/04/kp_greifenberg_2022_03.jpg 440w, https://www.gemeinsam-ammersee.de/wp-content/uploads/2022/04/kp_greifenberg_2022_03-300x225.jpg 300w" sizes="auto, (max-width: 440px) 100vw, 440px" /></a></p>
<p>links Elisabeth Horn, rechts Lina Wenisch</p>
<p style="text-align: justify;">Wo: Rupert-Mayer-Haus Greifenberg, Hauptstraße 57<br />
Wann: Mo + Do von 9.00 – 12.00 Uhr<br />
<b>Preis</b><br />
12.- € pro Tag;</p>
<p style="text-align: justify;"><b>Anmeldung</b><br />
Regine Zernikow 08806/956076</p>

<p>Kinderpark in Utting und Greifenberg &#8211; Betreuung für 1,5 &#8211; 3 jährige Kinder in kleinem geschützten Rahmen &#8211; &#8211; 12 Kinder gemeinsam mit 2 liebevollen Betreuerinnen &#8211; Dann kannst du mit uns im Kinderpark: &#8211; Basteln, Malen, Kneten &#8211; Spielen &#8211; Bücher lesen, Geschichten lauschen &#8211; Gemeinsam Brotzeit machen &#8211; Musik- Tanz- und Bewegungsspiele machen &hellip; <a href="https://www.gemeinsam-ammersee.de/?page_id=15" class="more-link"><span class="screen-reader-text">Kinderpark</span> weiterlesen <span class="meta-nav">&rarr;</span></a></p>
