{"id":201,"date":"2015-01-28T11:52:45","date_gmt":"2015-01-28T10:52:45","guid":{"rendered":"http:\/\/test.gemeinsam-ammersee.de\/?page_id=201"},"modified":"2024-01-08T21:15:48","modified_gmt":"2024-01-08T20:15:48","slug":"sponsoren","status":"publish","type":"page","link":"https:\/\/www.gemeinsam-ammersee.de\/?page_id=201","title":{"rendered":"Sponsoren"},"content":{"rendered":"<p style=\"text-align: justify;\"><b>Sponsoren sind herzlich willkommen<\/b><\/p>\n<p>Besonders bedanken wir uns bei folgenden Sponsoren, die uns schon \u00fcber viele Jahre mit gr\u00f6\u00dferen Betr\u00e4gen regelm\u00e4\u00dfig unterst\u00fctzen.<\/p>\n<p>Wilfried Huber (Karwendelwerke Exquisa) Schondorf<br \/>\nGeorg Bechteler (AXIA Bauprojekt GmbH) Schondorf<br \/>\nBert-Fanselau-Stiftung<br \/>\nStiftung GEMEINSAM<br \/>\nSparkassen Stiftung im Rahmen ihrer 1 \u20ac Aussch\u00fcttung<br \/>\nHorst Biallo (Biallo &amp; Team GmbH) Schondorf<br \/>\nDen Gemeinden Schondorf, Utting, Diessen, Windach, Greifenberg und Eching<\/p>\n<p>Die Logos sehen Sie auch auf unserem Sozialmobil.<\/p>\n<p style=\"text-align: justify;\"><!--DOCTY--><\/p>\n<p style=\"text-align: justify;\"><b>Spenden\u00fcbergabe von der Dr. Thorsten Bosch AG in Schondorf, M\u00e4rz 2014<\/b><\/p>\n<p style=\"text-align: justify;\"><a href=\"https:\/\/www.gemeinsam-ammersee.de\/wp-content\/uploads\/2015\/04\/IMG_1633_ext_440x330-1_1399048595.jpg\"><img loading=\"lazy\" decoding=\"async\" class=\"alignnone wp-image-404 size-full\" src=\"https:\/\/www.gemeinsam-ammersee.de\/wp-content\/uploads\/2015\/04\/IMG_1633_ext_440x330-1_1399048595.jpg\" alt=\"IMG_1633_ext_440x330-1_1399048595\" width=\"440\" height=\"330\" srcset=\"https:\/\/www.gemeinsam-ammersee.de\/wp-content\/uploads\/2015\/04\/IMG_1633_ext_440x330-1_1399048595.jpg 440w, https:\/\/www.gemeinsam-ammersee.de\/wp-content\/uploads\/2015\/04\/IMG_1633_ext_440x330-1_1399048595-300x225.jpg 300w\" sizes=\"auto, (max-width: 440px) 100vw, 440px\" \/><\/a><\/p>\n<p style=\"text-align: justify;\">Von links Achim Berlitz (Leiter \u00d6ffentlichkeitsarbeit), Peter Raithel, Ralf S\u00f6llner (Leiter Veranstaltungszentrum Ammersee) von der Dr. Thorsten Bosch AG in Schondorf.<\/p>\n<p style=\"text-align: justify;\"><b>1.000,&#8211; \u20ac f\u00fcr den Verein Gemeinsam in Schondorf,<br \/>\nDezember 2013<\/b><\/p>\n<p style=\"text-align: justify;\">Die Apotheke Schondorf verzichtet dieses Jahr auf Weihnachtsgeschenke f\u00fcr ihre Kunden, denen wir herzlich f\u00fcr ihr Verst\u00e4ndnis danken. Stattdessen kann sich der Verein GemEinsam riesig \u00fcber den Spendenbetrag von 1.000,&#8211; \u20ac freuen.<br \/>\nNeben dem Schwerpunkt Sozialmobil kann vor allem Menschen in finanziellen Notlagen geholfen und das Projekt Nachbarschaftshilfe in Schondorf gestartet werden.<br \/>\nWeiter Informationen finden Sie auf www.gemeinsam-ammersee.de<\/p>\n<p style=\"text-align: justify;\"><a href=\"https:\/\/www.gemeinsam-ammersee.de\/wp-content\/uploads\/2015\/04\/P1040682-klein-apotheke-2013_1387807455.jpg\"><img loading=\"lazy\" decoding=\"async\" class=\"alignnone wp-image-399 size-full\" src=\"https:\/\/www.gemeinsam-ammersee.de\/wp-content\/uploads\/2015\/04\/P1040682-klein-apotheke-2013_1387807455.jpg\" alt=\"P1040682 klein apotheke 2013_1387807455\" width=\"300\" height=\"400\" srcset=\"https:\/\/www.gemeinsam-ammersee.de\/wp-content\/uploads\/2015\/04\/P1040682-klein-apotheke-2013_1387807455.jpg 300w, https:\/\/www.gemeinsam-ammersee.de\/wp-content\/uploads\/2015\/04\/P1040682-klein-apotheke-2013_1387807455-225x300.jpg 225w\" sizes=\"auto, (max-width: 300px) 100vw, 300px\" \/><\/a><\/p>\n<p style=\"text-align: justify;\">Strahlende Mienen: G\u00fcnter Hafner (links) &#8211; Apotheke Schondorf und Peter Raithel &#8211; GemEinsam.<\/p>\n<p style=\"text-align: justify;\"><b>Sammersee-Festival Schondorf 2013<\/b><\/p>\n<p style=\"text-align: justify;\">Bei idealem Wetter fand im Juli in Schondorf am Ammersee das Sammersee-Festival statt. Wie jedes Jahr geht der gesamte Erl\u00f6s an gemeinn\u00fctzige Organisationen.<br \/>\nDieses Jahr erhalten der Bayerische Fl\u00fcchtlingsrat und GemEinsam gemeinn\u00fctziger Verein Ammersee-West e.V. den \u00dcberschuss.<br \/>\nDer Verein GemEinsam freut sich riesig \u00fcber den Betrag von 1.500,&#8211; \u20ac. Neben dem Schwerpunkt Sozialmobil kann vor allem Menschen in finanziellen Notlagen geholfen und das Projekt Nachbarschaftshilfe in Schondorf gestartet werden.<\/p>\n<p style=\"text-align: justify;\"><a href=\"https:\/\/www.gemeinsam-ammersee.de\/wp-content\/uploads\/2015\/04\/Sammersee-2013-klein_1385497814.jpg\"><img loading=\"lazy\" decoding=\"async\" class=\"alignnone wp-image-409 size-full\" src=\"https:\/\/www.gemeinsam-ammersee.de\/wp-content\/uploads\/2015\/04\/Sammersee-2013-klein_1385497814.jpg\" alt=\"Sammersee 2013 klein_1385497814\" width=\"440\" height=\"330\" srcset=\"https:\/\/www.gemeinsam-ammersee.de\/wp-content\/uploads\/2015\/04\/Sammersee-2013-klein_1385497814.jpg 440w, https:\/\/www.gemeinsam-ammersee.de\/wp-content\/uploads\/2015\/04\/Sammersee-2013-klein_1385497814-300x225.jpg 300w\" sizes=\"auto, (max-width: 440px) 100vw, 440px\" \/><\/a><\/p>\n<p style=\"text-align: justify;\">Strahlende Mienen von links nach rechts:<br \/>\nMarkus Schulz und Luise Renner vom Sammersee-Festival-Team und Peter Raithel von GemEinsam.<br \/>\nWeiter Informationen finden Sie auf www.sammersee-festival.de und www.gemeinsam-ammersee.de<\/p>\n<p style=\"text-align: justify;\"><b>Sammersee-Festival Schondorf 2012<\/b><\/p>\n<p style=\"text-align: justify;\">Bereits zum 6. Mal fand in Schondorf am Ammersee das Sammersee-Festival statt. Wie jedes Jahr geht der gesamte Erl\u00f6s an gemeinn\u00fctzige Organisationen.<br \/>\nDieses Jahr erhalten Spielratz e.V. M\u00fcnchen \u2013 sie veranstalten integrative Kinder- und Jugendfreizeiten f\u00fcr sozialschwache, sowie behinderte und emigrante Menschen \u2013 und GemEinsam gemeinn\u00fctziger Verein Ammersee-West e.V. den \u00dcberschuss.<br \/>\nDer Verein GemEinsam freut sich sehr \u00fcber den Betrag von 500,&#8211; \u20ac. Neben dem Projekt Sozialmobil kann vor allem Menschen in finanziellen Notlagen geholfen werden.<\/p>\n<p style=\"text-align: justify;\"><a href=\"https:\/\/www.gemeinsam-ammersee.de\/wp-content\/uploads\/2015\/01\/P1040307_klein_1359981596.jpg\"><img loading=\"lazy\" decoding=\"async\" class=\"alignnone wp-image-424 size-full\" src=\"https:\/\/www.gemeinsam-ammersee.de\/wp-content\/uploads\/2015\/01\/P1040307_klein_1359981596.jpg\" alt=\"P1040307_klein_1359981596\" width=\"440\" height=\"330\" srcset=\"https:\/\/www.gemeinsam-ammersee.de\/wp-content\/uploads\/2015\/01\/P1040307_klein_1359981596.jpg 440w, https:\/\/www.gemeinsam-ammersee.de\/wp-content\/uploads\/2015\/01\/P1040307_klein_1359981596-300x225.jpg 300w\" sizes=\"auto, (max-width: 440px) 100vw, 440px\" \/><\/a><\/p>\n<p style=\"text-align: justify;\">Von links nach rechts:<br \/>\nMarkus Schulz und Luise Renner vom Sammersee-Festival-Team und Peter Raithel von GemEinsam.<br \/>\nWeiter Informationen finden Sie auf: <a href=\"http:\/\/www.sammersee-festival.de\/\" target=\"_blank\" rel=\"noopener\"><span style=\"text-decoration: underline;\">www.sammersee-festival.de<\/span><\/a> und <a href=\"https:\/\/www.gemeinsam-ammersee.de\/\" target=\"_blank\" rel=\"noopener\"><span style=\"text-decoration: underline;\">www.gemeinsam-ammersee.de<\/span><\/a><\/p>\n<p style=\"text-align: justify;\"><b>Sammerseefestival Schondorf 2011<\/b><\/p>\n<p style=\"text-align: justify;\">Schon seit vier Jahren findet in Schondorf das Sammersee-Festival in Rahmen einer Benefiz-Veranstaltung statt. Die j\u00e4hrlichen Einnahmen werden komplett gemeinn\u00fctzigen Organisationen gespendet. Zehn Prozent der Einnahmen gehen davon immer an Projekte aus der Region.<br \/>\nDieses Jahr war der Gemeinn\u00fctzige Verein Ammersee West e.V. Nutznie\u00dfer der Aktion. GemEinsam ist bekannt durch seine Projekte, wie das Sozialmobil (Fahrdienst f\u00fcr Menschen mit Hilfebedarf), die Kinderparks in Utting, Windach und Greifenberg sowie dem Tagesm\u00fctter- und Babysitterservice. Insbesondere unterst\u00fctzt der Verein Menschen in Notlagen, durch Einzelfallhilfe.<br \/>\nDaher ist der Verein \u00fcberaus gl\u00fccklich, eine Spende in H\u00f6he von 420 Euro erhalten zu haben, mit welcher er Menschen, die unverschuldet in Not geraten sind, helfen kann.<\/p>\n<p style=\"text-align: justify;\"><a href=\"https:\/\/www.gemeinsam-ammersee.de\/wp-content\/uploads\/2015\/04\/Sammersee2011_1344161050.jpg\"><img loading=\"lazy\" decoding=\"async\" class=\"alignnone wp-image-418 size-full\" src=\"https:\/\/www.gemeinsam-ammersee.de\/wp-content\/uploads\/2015\/04\/Sammersee2011_1344161050.jpg\" alt=\"Sammersee2011_1344161050\" width=\"440\" height=\"330\" srcset=\"https:\/\/www.gemeinsam-ammersee.de\/wp-content\/uploads\/2015\/04\/Sammersee2011_1344161050.jpg 440w, https:\/\/www.gemeinsam-ammersee.de\/wp-content\/uploads\/2015\/04\/Sammersee2011_1344161050-300x225.jpg 300w\" sizes=\"auto, (max-width: 440px) 100vw, 440px\" \/><\/a><\/p>\n<p style=\"text-align: justify;\">Von links nach rechts: Markus Schulz und Luise Renner vom Sammersee-Festival-Team und Peter Raithel von GemEinsam.<br \/>\nN\u00e4here Informationen finden Sie auf der Internetseite www.sammersee-festival.de<\/p>\n<p style=\"text-align: justify;\"><b>Im September 2010 erhielten wir f\u00fcr den Neukauf des Sozialmobiles von der Sparkassenstiftung 1.000,&#8211; \u20ac.<\/b><\/p>\n<p style=\"text-align: justify;\">Pressemitteilung 06.09.2010<br \/>\nVerein unterst\u00fctzt hilfsbed\u00fcrftige Menschen mit \u201eSozialmobil\u201c<br \/>\n\u201eGemeinsam\u201c ist das Motto des Gemeinn\u00fctzigen Vereins Ammersee West e.V., der sich die F\u00f6rderung von sozialen Aufgaben im Gebiet Ammersee West und die Unterst\u00fctzung hilfsbed\u00fcrftiger Personen zur Aufgabe gemacht hat. Dabei betreibt der Verein auch ein so genanntes Sozialmobil. Dieses Fahrzeug erm\u00f6glicht zum Beispiel Fahrten zum Arzt, Krankenhaus, Einkaufen usw. und kann von hilfsbed\u00fcrftigen Menschen telefonisch abgerufen werden. Abh\u00e4ngig von den jeweiligen finanziellen M\u00f6glichkeiten, wird die Inanspruchnahme des Sozialmobils teilweise durch Beitr\u00e4ge der Fahrg\u00e4ste finanziert.<br \/>\nVor Kurzem unterst\u00fctzte die Stiftung der Sparkasse Landsberg-Die\u00dfen den Verein mit einer Spende in H\u00f6he von 1.000 Euro. Dieser Betrag wird unter anderem f\u00fcr den Betrieb des Sozialmobils verwendet. Zur symbolischen Spenden\u00fcbergabe trafen sich in Schondorf Sparkassen-Gesch\u00e4ftsstellenleiter Robert Gruber, Vereinsvorstand Peter Raithel und Sparkassen-Marktbereichsleiter Erwin Reisinger (v.l.)<\/p>\n<p style=\"text-align: justify;\"><a href=\"https:\/\/www.gemeinsam-ammersee.de\/wp-content\/uploads\/2015\/04\/Foto_Presse_1286993161.jpg\"><img loading=\"lazy\" decoding=\"async\" class=\"alignnone wp-image-417 size-full\" src=\"https:\/\/www.gemeinsam-ammersee.de\/wp-content\/uploads\/2015\/04\/Foto_Presse_1286993161.jpg\" alt=\"Foto_Presse_1286993161\" width=\"440\" height=\"389\" srcset=\"https:\/\/www.gemeinsam-ammersee.de\/wp-content\/uploads\/2015\/04\/Foto_Presse_1286993161.jpg 440w, https:\/\/www.gemeinsam-ammersee.de\/wp-content\/uploads\/2015\/04\/Foto_Presse_1286993161-300x265.jpg 300w\" sizes=\"auto, (max-width: 440px) 100vw, 440px\" \/><\/a><\/p>\n<p style=\"text-align: justify;\"><b>Von der Sparkassenstiftung erhielten wir im Jahr 2009 f\u00fcr unsere Jugend- und Seniorenarbeit 1.500,&#8211; \u20ac.<\/b><\/p>\n<p style=\"text-align: justify;\"><a href=\"https:\/\/www.gemeinsam-ammersee.de\/wp-content\/uploads\/2015\/04\/klein-Foto_Utting_1258397284.jpg\"><img loading=\"lazy\" decoding=\"async\" class=\"alignnone wp-image-416 size-full\" src=\"https:\/\/www.gemeinsam-ammersee.de\/wp-content\/uploads\/2015\/04\/klein-Foto_Utting_1258397284.jpg\" alt=\"klein Foto_Utting_1258397284\" width=\"440\" height=\"330\" srcset=\"https:\/\/www.gemeinsam-ammersee.de\/wp-content\/uploads\/2015\/04\/klein-Foto_Utting_1258397284.jpg 440w, https:\/\/www.gemeinsam-ammersee.de\/wp-content\/uploads\/2015\/04\/klein-Foto_Utting_1258397284-300x225.jpg 300w\" sizes=\"auto, (max-width: 440px) 100vw, 440px\" \/><\/a><\/p>\n<p style=\"text-align: justify;\">Foto: Sparkasse Utting, 2. November<\/p>\n<p style=\"text-align: justify;\"><b>Oldtimer Ausfahrt f\u00fcr einen guten Zweck!<\/b><\/p>\n<p style=\"text-align: justify;\"><b>Am Samstag den 12. Juli 2008<\/b> trafen sich 30 Oldtimer in Steinebach am W\u00f6rthsee, um gemeinsam eine Ausfahrt \u00fcber ca. 150 km unter die R\u00e4der zu nehmen. Die Strecke f\u00fchrte vom W\u00f6rthsee \u00fcber den Ammersee durch den Pfaffenwinkel und zur\u00fcck zum W\u00f6rthsee.<br \/>\nDas Teilnehmerfeld war gemischt, vom englischen Vorkriegs-MG bis zu italienischen und deutschen Sportwagen wie De Tomaso, Ferrari, Porsche usw.<br \/>\nNach der Ausfahrt wurde gegrillt und dabei die entsprechenden Benzingespr\u00e4che gef\u00fchrt. Zum Abschluss spielte die Gruppe &#8222;Trace&#8220; aus Rosenheim die passende Musik zur Veranstaltung.<br \/>\nDer Erl\u00f6s in H\u00f6he von \u20ac 1.048,&#8211; kam dem gemeinn\u00fctzigen Verein &#8222;Gemeinsam&#8220; in Schondorf zu gute, der hilfsbed\u00fcrftigen Menschen unb\u00fcrokratisch und schnell hilft.<br \/>\nUnterst\u00fctzt wurde die Veranstaltung durch die Metzgerei Gall aus Schondorf, dem Sparmarkt Schondorf, dem B\u00e4cker mit Herz (Stiebler) aus Schondorf, der Rialto Garage Diessen, sowie der Band Trace aus Rosenheim<br \/>\nDie Teilnehmer waren begeistert und w\u00fcrden sich \u00fcber eine Wiederholung der Veranstaltung freuen.<\/p>\n<p style=\"text-align: justify;\"><a href=\"https:\/\/www.gemeinsam-ammersee.de\/wp-content\/uploads\/2015\/04\/P1020112_1279048830.jpg\"><img loading=\"lazy\" decoding=\"async\" class=\"alignnone wp-image-415 size-full\" src=\"https:\/\/www.gemeinsam-ammersee.de\/wp-content\/uploads\/2015\/04\/P1020112_1279048830.jpg\" alt=\"P1020112_1279048830\" width=\"440\" height=\"330\" srcset=\"https:\/\/www.gemeinsam-ammersee.de\/wp-content\/uploads\/2015\/04\/P1020112_1279048830.jpg 440w, https:\/\/www.gemeinsam-ammersee.de\/wp-content\/uploads\/2015\/04\/P1020112_1279048830-300x225.jpg 300w\" sizes=\"auto, (max-width: 440px) 100vw, 440px\" \/><\/a><\/p>\n<p style=\"text-align: justify;\">links: Lorenz Otter \u2020 (Sponsor) rechts: Peter Raithel (GEMEINSAM)<\/p>\n","protected":false},"excerpt":{"rendered":"<p>Sponsoren sind herzlich willkommen Besonders bedanken wir uns bei folgenden Sponsoren, die uns schon \u00fcber viele Jahre mit gr\u00f6\u00dferen Betr\u00e4gen regelm\u00e4\u00dfig unterst\u00fctzen. Wilfried Huber (Karwendelwerke Exquisa) Schondorf Georg Bechteler (AXIA Bauprojekt GmbH) Schondorf Bert-Fanselau-Stiftung Stiftung GEMEINSAM Sparkassen Stiftung im Rahmen ihrer 1 \u20ac Aussch\u00fcttung Horst Biallo (Biallo &amp; Team GmbH) Schondorf Den Gemeinden Schondorf, Utting, &hellip; <a href=\"https:\/\/www.gemeinsam-ammersee.de\/?page_id=201\" class=\"more-link\"><span class=\"screen-reader-text\">Sponsoren<\/span> weiterlesen <span class=\"meta-nav\">&rarr;<\/span><\/a><\/p>\n","protected":false},"author":1,"featured_media":0,"parent":0,"menu_order":0,"comment_status":"closed","ping_status":"closed","template":"","meta":{"footnotes":""},"class_list":["post-201","page","type-page","status-publish","hentry"],"_links":{"self":[{"href":"https:\/\/www.gemeinsam-ammersee.de\/index.php?rest_route=\/wp\/v2\/pages\/201","targetHints":{"allow":["GET"]}}],"collection":[{"href":"https:\/\/www.gemeinsam-ammersee.de\/index.php?rest_route=\/wp\/v2\/pages"}],"about":[{"href":"https:\/\/www.gemeinsam-ammersee.de\/index.php?rest_route=\/wp\/v2\/types\/page"}],"author":[{"embeddable":true,"href":"https:\/\/www.gemeinsam-ammersee.de\/index.php?rest_route=\/wp\/v2\/users\/1"}],"replies":[{"embeddable":true,"href":"https:\/\/www.gemeinsam-ammersee.de\/index.php?rest_route=%2Fwp%2Fv2%2Fcomments&post=201"}],"version-history":[{"count":10,"href":"https:\/\/www.gemeinsam-ammersee.de\/index.php?rest_route=\/wp\/v2\/pages\/201\/revisions"}],"predecessor-version":[{"id":1600,"href":"https:\/\/www.gemeinsam-ammersee.de\/index.php?rest_route=\/wp\/v2\/pages\/201\/revisions\/1600"}],"wp:attachment":[{"href":"https:\/\/www.gemeinsam-ammersee.de\/index.php?rest_route=%2Fwp%2Fv2%2Fmedia&parent=201"}],"curies":[{"name":"wp","href":"https:\/\/api.w.org\/{rel}","templated":true}]}}