{"id":23,"date":"2015-01-26T09:58:33","date_gmt":"2015-01-26T09:58:33","guid":{"rendered":"http:\/\/test.gemeinsam-ammersee.de\/?page_id=23"},"modified":"2015-04-09T10:15:52","modified_gmt":"2015-04-09T09:15:52","slug":"jahresbericht-2013","status":"publish","type":"page","link":"https:\/\/www.gemeinsam-ammersee.de\/?page_id=23","title":{"rendered":"Jahresbericht 2013"},"content":{"rendered":"<p style=\"text-align: justify;\"><b>Jahresbericht 2013 zur Mitgliederversammlung am 19. M\u00e4rz 2014<\/b><\/p>\n<p style=\"text-align: justify;\"><b>Mitgliederentwicklung:<\/b><br \/>\n2013 hatten wir 20 Neuanmeldungen und 15 K\u00fcndigungen.<br \/>\nStand 01.01.2013: 220 Stand 31. 12. 2013 : 225<br \/>\nIdeen, wie wir Mitglieder gewinnen k\u00f6nnen, die uns langfristig unterst\u00fctzen, stehen wir immer offen gegen\u00fcber.<br \/>\nUm noch bekannter zu werden haben wir uns bei folgenden Anl\u00e4ssen mit einem Stand vorgestellt: Am Valentinstag verteilten wir im EDEKA Rosen, ebenfalls am Muttertag. Am Pfingstsamstag standen wir mit dem Sozialmobil vor der Markthalle in Diessen, am 30. Juni beim evang. Gemeindefest in Utting und am 6. Juli beim Uttinger Wochenmarkt.<br \/>\nAm 13. September waren wir noch einmal vor dem EDEKA, beim Markttag.<br \/>\nAb dem Sp\u00e4tsommer haben wir unseren Werbebrief (den unser Vereinsmitglied und Kassenpr\u00fcfer Hans Ruile erarbeitet hat) in Schondorf, Eching, Greifenberg, Hechenwang und Utting an alle Haushalte verteilt. Begleitet hat mich Rudolf Schuster (Schondorf), wof\u00fcr ich mich bei ihm sehr herzlich bedanke. Im evang. Gemeindebrief wurde auf einer ganzen Seite \u00fcber uns berichtet.<br \/>\nWie in den letzten 3 Jahren haben sich alle 11 Besch\u00e4ftigten und 7 Ehrenamtlichen auch heuer wieder am 23.01. zum Essen getroffen, dieses Mal im Zander in Utting. Es ist Dank und Anerkennung f\u00fcr unsere Mitarbeiter. Die Kosten des Abends beliefen sich auf 430,&#8211; \u20ac.<br \/>\nHier m\u00f6chte ich gleich noch erw\u00e4hnen, dass unsere Verwaltungskosten 2013 bei knapp 2 % liegen. Ein weit unter dem Durchschnitt liegender Satz f\u00fcr Vereine.<\/p>\n<p style=\"text-align: justify;\"><b>Sozialmobil:<\/b><br \/>\nSeit mehreren Jahren viele Eins\u00e4tze: 2013 waren es 40.500 km, nach 63.500 km im Jahr 2012. Der R\u00fcckgang hat verschiedene Ursachen. Unter anderem sind mehrere unserer Kunden ins Altersheim gezogen oder verstorben, der Uttinger evang. Seniorentreff findet nur noch jeden 2. Mittwoch statt.<br \/>\nSeit 2011 fahren wir weiterhin jeden Mittwoch auch mehrere Personen aus Eching und Schondorf zur Diessener Tafel, selbstverst\u00e4ndlich kostenlos. Dazu liefern wir wegen Krankheit einem Uttinger B\u00fcrger und einer Echinger Frau ihre Lebensmittel von der Tafel ins Haus.<br \/>\nDas Sozialmobil ist von Montag bis Freitag von 8 \u2013 17 Uhr unter 0170-8961302 erreichbar.<\/p>\n<p style=\"text-align: justify;\"><b>Arbeitsplatz Sozialmobil:<\/b><br \/>\nUnser langj\u00e4hriger Fahrer Reinhard Rohloff ist auf Grund seiner Erkrankung nicht mehr in der Lage selbst\u00e4ndig zu leben. Mit 60 Jahren ist er seit Mitte Dezember in einem M\u00fcnchner Pflegeheim.<br \/>\nWelch ein Schicksalschlag!<br \/>\nDen bisher befristeten Vertrag mit Peter Trikojat aus Schondorf haben wir in einen unbefristeten umgewandelt. Seine Vertretung ist weiterhin Oskar Bradler aus Diessen.<br \/>\nNeben den Gemeinden Schondorf, Greifenberg, Eching, Utting, Diessen und Windach beteiligen sich Horst Biallo (Biallo &amp; Team), Wilfried Huber (Karwendelwerke Exquisa), die Bert-Fanselau-Stiftung und die Stiftung Gemeinsam mit insgesamt 20.900,&#8211; \u20ac an den Personalkosten. Den Restbetrag von 9.900,&#8211; \u20ac \u00fcbernimmt bis jetzt unser Verein GEMEINSAM. Wir sind weiterhin intensiv auf der Suche nach Sponsoren und Spendern und ich bin zuversichtlich, dass sich noch weitere finden werden.<br \/>\nIch finde es sehr gut, wenn es viele gemeinde\u00fcbergreifende Projekte\/Stellen gibt. Wobei klar ist, dass nicht immer jeder Beteiligte entsprechend seinem finanziellen Anteil die dazugeh\u00f6rige Gegenleistung bekommt. Wichtig ist, dass die gesamte Region von diesen Aktivit\u00e4ten profitiert.<\/p>\n<p style=\"text-align: justify;\"><b>Seniorenarbeit:<\/b><br \/>\nUnsere Seniorenarbeit besteht aus der Inanspruchnahme des Sozialmobils und finanzieller Unterst\u00fctzung in Einzelf\u00e4llen. Ganz aktuell haben wir eine Seniorenpatenschaft vermittelt. Eine Familie \u00fcberweist uns monatlich einen festen Betrag und wir leiten diesen als Verein anonym an eine betagte Frau weiter. Eine tolle Idee, es w\u00fcrde uns freuen wenn sie Nachahmer findet.<\/p>\n<p style=\"text-align: justify;\"><b>Jugendarbeit:<\/b><br \/>\nAuf Anfrage werden wir projektbezogene Zusch\u00fcsse leisten, was 2013 nicht der Fall war. Laufende Beteiligung von 1.000,&#8211; \u20ac besteht beim Jugendleiterprojekt der evangelischen Kirche in Utting.<\/p>\n<p style=\"text-align: justify;\"><b>Hilfeleistungen:<\/b><br \/>\nNach 2012 mit 13.600,&#8211; \u20ac haben wir in 2013 14.200,&#8211; \u20ac aufgewendet.<br \/>\nDarunter waren auch zweckgebundene Spenden. Vor allem f\u00fcr eine verwitwete Frau aus Diessen mit 2 kleinen Kindern, die an Krebs erkrankt ist. In der Zeitschrift \u00d6kotest vom Juli 2013 erschien durch unsere Vermittlung ein vierseitiger Bericht \u00fcber diesen Fall.<br \/>\nBeim Spendenquittungsversand im Dezember 2012 legten wir den Hinweis auf unsere Hilfsangebote bei. Unter anderen erhielten wir die Information zu der R\u00e4umungsklage eines \u00e4lteren Ehepaares zum 31.01.13 wegen r\u00fcckst\u00e4ndiger Mieten. \u00dcber diesen Fall hatte das LT am 19.12.12, die SZ am<br \/>\n11.01.13 und der AK am 18. und 21.12.12 berichtet. Wir haben die offenen Mieten von 2.100,&#8211; \u20ac mit Hilfe der Brodmerkel-Stiftung und der Gemeinde Schondorf bezahlt und die R\u00e4umungsklage auf den 30. Juni verschieben k\u00f6nnen. Wir suchten intensiv nach einer kleineren Sozial-Wohnung (60 \u2013 70 qm) statt der bisherigen zu gro\u00dfen (95 qm) und sind in Landsberg auf dem freien Wohnungsmarkt f\u00fcndig geworden. Das Ehepaar wohnt seit Juni dort und zahlt monatlich 300,&#8211; \u20ac weniger Miete. Die Umzugskosten in H\u00f6he von 1.200,&#8211; \u20ac \u00fcbernahm durch Vermittlung eines Vereinsmitglieds der SZ-Adventskalender. Bei gr\u00f6\u00dferen, zum Teil 4stelligen Summen, bekommen wir finanzielle Hilfe von der Gemeinde Schondorf aus ihrem Sozialetat, von der Brodmerkel- und der Bert-Fanselau-Stiftung, sowie seit Dezember vom SZ-Adventskalender.<\/p>\n<p style=\"text-align: justify;\"><b>Einzelfallhilfe:<\/b><br \/>\nleisteten wir zus\u00e4tzlich zu den oben geschilderten F\u00e4llen wie zum Beispiel:<br \/>\nF\u00fcr ein Schulkind bezuschussten wir die Klassenfahrt mit 175,&#8211; \u20ac. F\u00fcr eine weitere Schulstudienfahrt gaben wir 130,&#8211; \u20ac dazu. Au\u00dferdem bezahlten wir einer alte Dame 370,&#8211; \u20ac f\u00fcr die H\u00e4lfte ihrer<br \/>\nNebenkosten-Nachzahlung. F\u00fcr eine Familie besorgten wir Heizgas im Wert von 800,&#8211; \u20ac, hier beteiligte sich die Brodmerkel-Stiftung mit 500,&#8211; \u20ac.<br \/>\nEinem Herrn beglichen wir die offenen Strom- und Telefonrechnungen in H\u00f6he von 300,&#8211; \u20ac, da bei beidem schon die Absperrung angedroht war. Einer mittellosen Frau in einem Seniorenheim \u00fcberwiesen wir 300,&#8211; \u20ac f\u00fcr den Kauf von Schuhen und Bekleidung.<br \/>\nEbenfalls \u00fcbernahmen wir f\u00fcr ein Ehepaar die Stromnachzahlung von 200,&#8211; \u20ac und offene Krankenkassenbeitr\u00e4ge von 184,&#8211; \u20ac.<br \/>\nEiner alleinerziehenden Frau halfen wir ebenfalls f\u00fcr die Stromrechnung mit 207,&#8211; \u20ac und eine alleinstehende Frau bekam f\u00fcr Strom 258,&#8211; \u20ac. Einem Herrn beglichen wir 1 Monats-Warmmiete von 500,&#8211; \u20ac, den wir aber dann an die Schuldnerberatung weiter verwiesen haben. Des weiteren haben wir einer Harz-IV-Empf\u00e4ngerin den T\u00dcV und \u00d6lwechsel ihres Kleinwagens mit 200,&#8211; \u20ac bezahlt.<\/p>\n<p style=\"text-align: justify;\"><b>Wichtig ist uns die Hilfe zur Selbsthilfe.<\/b> Neu ist daher bei uns die Vergabe von Darlehen. Wir haben 3.797,&#8211; \u20ac zinslos f\u00fcr 5 F\u00e4lle vergeben, die gr\u00f6\u00dftenteils bis Ende 2014 f\u00e4llig werden.<br \/>\nIn einem Fall (aus der vorher vorgestellten R\u00e4umungsklage) haben wir f\u00fcr Heiz\u00f6l und Restmiete 1.700,&#8211; \u20ac vergeben, die mit monatlich 150,&#8211; \u20ac zur\u00fcckbezahlt werden.<br \/>\n<b>Neu:<\/b> Seit M\u00e4rz diesen Jahres berichten wir regelm\u00e4\u00dfig im Ammersee-Kurier \u00fcber unsere Hilfeleistungen. So erfahren die Leser von dem gel\u00f6sten Fall incl. des daf\u00fcr aufgewendeten Betrages.<br \/>\nSpendenaufkommen: betrug 2013 insgesamt stolze 21.800,&#8211; \u20ac. Wie bisher spenden viele Menschen bewusst f\u00fcr Einrichtungen in unserer Region. Wir erhielten viele Betr\u00e4ge zwischen 50,&#8211; und 500,&#8211; \u20ac. Dazu hatten wir 2013 vier Gro\u00dfspenden (f\u00fcr uns sind das Betr\u00e4ge im 4stelligen Bereich), die f\u00fcr den Jahres\u00fcberschuss gesorgt haben.<br \/>\nIm Juli stiftete uns das Sammersee-Festival in Schondorf aus dem \u00dcberschuss 1.500,&#8211; \u20ac. Daf\u00fcr bedanke ich mich bei der 2. Vorsitzenden des Vereins, Luise Renner, sehr und habe von ihr schon jetzt die Zusage bekommen auch 2014 wieder einen Anteil zu erhalten. Fotos von der Spenden\u00fcbergabe wurden ver\u00f6ffentlicht. Im August bekamen wir den Ertrag einer Sommerfestveranstaltung in Grafrath in H\u00f6he von 3.000,&#8211; \u20ac gespendet. Anfang Dezember verzichtete die Schondorfer Apotheke von G\u00fcnter Hafner auf Weihnachtsgeschenke f\u00fcr Kunden und \u00fcberwies uns 1.000,&#8211; \u20ac. Auch hier berichtete die Presse. Ende Dezember kam noch eine \u00dcberweisung von 5.000,&#8211; \u20ac auf unser Konto.<br \/>\nAllen Spendern herzlichsten Dank f\u00fcr Ihre Hilfe.<\/p>\n<p style=\"text-align: justify;\"><b>Internetseite:<\/b> www.gemeinsam-ammersee.de<br \/>\nNach 2012 mit rund 32.500 x wurden die einzelnen Seiten in 2013 bereits 44.000 x angeklickt.<br \/>\nSie finden laufend von unseren Aktionen und Spenden\u00fcbergaben Fotos und Berichte.<\/p>\n<p style=\"text-align: justify;\"><b>Neu: Facebook:<\/b> www.facebook.com\/gemeinsamammersee<\/p>\n<p style=\"text-align: justify;\"><b>Tagesm\u00fctter- und Babysittervermittlung:<\/b> Susanne Leiber besten Dank f\u00fcr die gute Arbeit.<\/p>\n<p style=\"text-align: justify;\"><b>Kinderpark:<\/b> betreiben wir wie bisher in Utting, Windach und Greifenberg. In Utting haben wir ein syrisches Fl\u00fcchtlingskind ab M\u00e4rz 2014 kostenlos aufgenommen.<\/p>\n<p style=\"text-align: justify;\"><b>Neuwahlen:<\/b><br \/>\nDagmar N\u00e4ther aus Diessen \u00fcbernimmt das Schriftf\u00fchreramt von Frau Wiener, die uns nach 6 Jahren im Vorstand leider verl\u00e4sst. Der \u00fcbrige Vorstand bleibt unver\u00e4ndert.<\/p>\n<p style=\"text-align: justify;\"><a href=\"https:\/\/www.gemeinsam-ammersee.de\/wp-content\/uploads\/2015\/04\/Vorstand-ab-19.03.2014-klein_1406642358.jpg\"><img loading=\"lazy\" decoding=\"async\" class=\"alignnone wp-image-413 size-full\" src=\"https:\/\/www.gemeinsam-ammersee.de\/wp-content\/uploads\/2015\/04\/Vorstand-ab-19.03.2014-klein_1406642358.jpg\" alt=\"Vorstand ab 19.03.2014 klein_1406642358\" width=\"440\" height=\"330\" srcset=\"https:\/\/www.gemeinsam-ammersee.de\/wp-content\/uploads\/2015\/04\/Vorstand-ab-19.03.2014-klein_1406642358.jpg 440w, https:\/\/www.gemeinsam-ammersee.de\/wp-content\/uploads\/2015\/04\/Vorstand-ab-19.03.2014-klein_1406642358-300x225.jpg 300w\" sizes=\"auto, (max-width: 440px) 100vw, 440px\" \/><\/a><\/p>\n<p style=\"text-align: justify;\"><b>Finanzielle Situation:<\/b><br \/>\nVereinsverm\u00f6gen am 1. Januar 2013: 36.019,41 \u20ac, am 31. Dezember 2013: 42.679,51 \u20ac.<br \/>\nUnser Verein liegt seit langer Zeit bei Einnahmen und Ausgaben jeweils in der N\u00e4he von 100.000,&#8211; \u20ac und demzufolge haben wir eine umfangreiche Buchf\u00fchrung. Herzlichen Dank Barbara Schubert f\u00fcr ihre professionelle Arbeit.<\/p>\n<p style=\"text-align: justify;\"><b>Neues Vereinsprojekt:<\/b><br \/>\nNachbarschaftshilfe ist in Schondorf gut angelaufen.<br \/>\nDen Start der Nachbarschaftshilfe haben 3 Dinge erm\u00f6glicht: Das Angebot von Gertraud Huber beim Aufbau mitzuarbeiten, die Freiwilligen Messe im Oktober in Landsberg, denn hier war die Frage f\u00fcr was wir Ehrenamtliche suchen. Auf Grund dieser Messe kam das Angebot von Anett Graf ehrenamtlich t\u00e4tig zu werden. Einbezogen haben wir in unsere Arbeit den Schondorfer Pflegedienst Cannalonga.<\/p>\n<p style=\"text-align: justify;\"><b>Haushaltsplan 2014:<\/b><br \/>\nEs stehen keine Anschaffungen an. In Planung ist die Ersatzbeschaffung des Sozialmobils (Kauf September 2010) f\u00fcr 2015 = Sponsorensuche heuer. Ende 2013 war der km-Stand bereits bei 185.000.<br \/>\nEin ausgeglichenes Ergebnis ist wieder zu erwarten, vor allem wenn es uns gelingt noch Sponsoren f\u00fcr den Arbeitsplatz des Sozialmobilfahrers zu finden.<br \/>\nIch danke unseren Mitarbeitern und meinem Vorstandsteam f\u00fcr die ausgezeichnete gemeinsame Arbeit.<\/p>\n<p style=\"text-align: justify;\">Peter Raithel<br \/>\n1. Vorsitzender<\/p>\n","protected":false},"excerpt":{"rendered":"<p>Jahresbericht 2013 zur Mitgliederversammlung am 19. M\u00e4rz 2014 Mitgliederentwicklung: 2013 hatten wir 20 Neuanmeldungen und 15 K\u00fcndigungen. Stand 01.01.2013: 220 Stand 31. 12. 2013 : 225 Ideen, wie wir Mitglieder gewinnen k\u00f6nnen, die uns langfristig unterst\u00fctzen, stehen wir immer offen gegen\u00fcber. Um noch bekannter zu werden haben wir uns bei folgenden Anl\u00e4ssen mit einem Stand &hellip; <a href=\"https:\/\/www.gemeinsam-ammersee.de\/?page_id=23\" class=\"more-link\"><span class=\"screen-reader-text\">Jahresbericht 2013<\/span> weiterlesen <span class=\"meta-nav\">&rarr;<\/span><\/a><\/p>\n","protected":false},"author":1,"featured_media":0,"parent":0,"menu_order":0,"comment_status":"closed","ping_status":"closed","template":"","meta":{"footnotes":""},"class_list":["post-23","page","type-page","status-publish","hentry"],"_links":{"self":[{"href":"https:\/\/www.gemeinsam-ammersee.de\/index.php?rest_route=\/wp\/v2\/pages\/23","targetHints":{"allow":["GET"]}}],"collection":[{"href":"https:\/\/www.gemeinsam-ammersee.de\/index.php?rest_route=\/wp\/v2\/pages"}],"about":[{"href":"https:\/\/www.gemeinsam-ammersee.de\/index.php?rest_route=\/wp\/v2\/types\/page"}],"author":[{"embeddable":true,"href":"https:\/\/www.gemeinsam-ammersee.de\/index.php?rest_route=\/wp\/v2\/users\/1"}],"replies":[{"embeddable":true,"href":"https:\/\/www.gemeinsam-ammersee.de\/index.php?rest_route=%2Fwp%2Fv2%2Fcomments&post=23"}],"version-history":[{"count":7,"href":"https:\/\/www.gemeinsam-ammersee.de\/index.php?rest_route=\/wp\/v2\/pages\/23\/revisions"}],"predecessor-version":[{"id":420,"href":"https:\/\/www.gemeinsam-ammersee.de\/index.php?rest_route=\/wp\/v2\/pages\/23\/revisions\/420"}],"wp:attachment":[{"href":"https:\/\/www.gemeinsam-ammersee.de\/index.php?rest_route=%2Fwp%2Fv2%2Fmedia&parent=23"}],"curies":[{"name":"wp","href":"https:\/\/api.w.org\/{rel}","templated":true}]}}